 factors of k?
37, 181
Let x be (-36)/(-16)*1028*1/3. Let s = -562 + x. What are the prime factors of s?
11, 19
Suppose 11*g - 10*g + 5*x - 4787 = 0, x = -3*g + 14431. List the prime factors of g.
2, 3, 401
Let m = -267 + 269. Suppose 0 = -3*l - m*c + 2272, -3*l - 3*c = -6*c - 2262. List the prime factors of l.
2, 3, 7
Suppose 0 = 4*o - k - 2, -2*o - k = -6 + 8. Suppose 5*w - 3*q = 4122, o = 3*q - 0*q - 3. List the prime factors of w.
3, 5, 11
Let i be -2 - ((2 - 1) + -2) - 12. Let j = -10 - i. Suppose 5*v + t - 318 = v, j*t = -v + 85. What are the prime factors of v?
79
Suppose -87 = 6*p - 99. Suppose -p*o - 11*o + 6149 = 0. What are the prime factors of o?
11, 43
Suppose 0 = 61*c - 2277534 + 65796. What are the prime factors of c?
2, 3, 6043
Suppose -13*b + 20 = -18*b, 0 = 2*s - 3*b - 18. Let f = -4 + 12. Suppose s*q + 325 = f*q. List the prime factors of q.
5, 13
Let b(g) = -2*g - 15. Let r be b(-9). Let m = r - -44. Suppose 23*p - 22*p - m = 0. What are the prime factors of p?
47
Suppose -3*q - 5*w - 182 = -5*q, -w = 0. Suppose -97*x + q*x = -2304. What are the prime factors of x?
2, 3
Let v be ((-60)/((-120)/(-12)))/(1/(-72)). Let n = v + 442. What are the prime factors of n?
2, 19, 23
Let f = -12 + 206. Let m be (480/25)/2*10/(-1). Let r = m + f. What are the prime factors of r?
2, 7
Suppose -2*w = 4*q - 138, -189 = 10*w - 13*w + 3*q. Let m = w - -60. What are the prime factors of m?
5
Suppose 0 = 14*y - 78*y + 824064. What are the prime factors of y?
2, 3, 29, 37
Suppose 5*g - 5*u = 227 + 193, -169 = -2*g + 3*u. Suppose 6207 = -62*m + 1371. Let n = g + m. What are the prime factors of n?
5
Let o(q) = q**3 + 2*q**2 + 2*q + 4. Let d be o(-2). Suppose 4*n + 36 = 4*x, -3*n + 2*n + 2*x - 7 = d. Let s = n - -61. What are the prime factors of s?
2, 5
Let z = 7423 - -12621. Suppose 18*s + 3880 = z. What are the prime factors of s?
2, 449
Suppose 5*q = -4*y - 34, 4*q + 3 + 25 = -4*y. Let g(x) = -2*x**3 - 3*x**2 - 4*x - 4. List the prime factors of g(q).
2, 43
Let u be (-1 + 0)/((-2)/290). Let s = -17215 + 17199. Let c = u - s. List the prime factors of c.
7, 23
Let a(j) = -24*j + 22. Let q(d) = -25*d + 23. Let x(b) = -6*a(b) + 5*q(b). Suppose f + 5*y + 11 = 0, -5*f = -6*f + 4*y + 16. What are the prime factors of x(f)?
59
Suppose 5*r = -5*u + 15, 6*u = 4*r + u - 21. Suppose -2044 = -4*o - 4*h, -2555 = -5*o + r*h - h. What are the prime factors of o?
7, 73
Suppose 5*h - 43 = 42. Let n(p) = -p**3 + 16*p**2 + 37*p + 6. What are the prime factors of n(h)?
2, 173
Let l = 536 + -381. Suppose t - l - 109 = 0. What are the prime factors of t?
2, 3, 11
Let b(d) = -2*d**3 + 28*d**2 - 9*d - 25. Let p be b(14). Suppose 4*z = 5*a + 814 + 167, 973 = 4*z + 3*a. Let x = p + z. List the prime factors of x.
3, 31
Suppose k = 6 + 1. Suppose -4*i - 1035 = -k*i. What are the prime factors of ((-15)/9)/((-5)/i)?
5, 23
Suppose 3*n = -30 + 36. Suppose -z + 14 = 3*f + 3*z, n*z = 4*f - 4. What are the prime factors of (-1 + f*-6)/(21/(-273))?
13
Suppose 0 = 29*w - 312185 - 423413 - 147423. List the prime factors of w.
30449
Let l(m) = m**2 - 6*m - 7. Let s be l(-7). Suppose 3*n - 54 = 264. Suppose i - s = -i - 4*j, -4*j - n = -3*i. List the prime factors of i.
2, 19
Suppose -9*b + 477 = -45. Suppose -4*i - 2*g - b = -794, 2*i - 356 = 2*g. Suppose 99 = -5*z - 4*h + 1079, z = 2*h + i. What are the prime factors of z?
2, 3
Suppose -331*r + 5188 = -335*r. Let z = 506 - r. What are the prime factors of z?
3, 601
Let f(o) = -93*o - 96. Suppose 42 = 485*l - 492*l. List the prime factors of f(l).
2, 3, 7, 11
Let k(v) = 2*v**2 + 24*v + 7. Let f be k(-10). Let t = 19 - 38. Let n = t - f. List the prime factors of n.
2, 7
Suppose -j + 83 = -2*h, 3*j + h = 4*j - 88. What are the prime factors of 2/((-4)/(-6))*10819/j?
349
Suppose -2*w + 504 + 306 = 0. Suppose 648 = -w*x + 408*x. What are the prime factors of x?
2, 3
Let y be 2/(1 - 44/36). Let t(w) = -w - 31. Let g be t(-5). List the prime factors of 1110/y*39/g.
5, 37
Suppose -7*d - 965 = -5*o - 2*d, -2*o = 3*d - 371. Let x be 9*(-4 + o/45). Suppose 6*f + 104 = x*c + 2*f, 4*f - 232 = -5*c. What are the prime factors of c?
2, 3
Let j be (4/(-6))/(12/(-8424)). What are the prime factors of 6/(-42)*-7*j?
2, 3, 13
List the prime factors of (-31 + 24)*973*-2 - 3.
13619
Suppose 5*t + 4470 + 9989 = 4*f, -5*f + 5*t = -18075. List the prime factors of f.
2, 113
Let j(d) = -12*d**2 + 922*d + 114. List the prime factors of j(33).
2, 3, 7, 13
Let w(m) = -19*m - 105. Let a be w(-7). What are the prime factors of 2152/6*21/a?
269
Let l(p) = -p**3 - 4*p**2 - 4*p + 1548. Let j be l(0). Suppose 0*m = 5*i + m - 3844, 2*i - j = -3*m. What are the prime factors of i?
2, 3
Let s = 90364 + -54628. List the prime factors of s.
2, 3, 1489
Suppose 4*l - 315 = -l. Let k be (-44)/(-8) + (-10)/4. What are the prime factors of (-2)/k + 1 - (-3066)/l?
7
Let y(x) = 135*x**2 - 207*x - 19. List the prime factors of y(-9).
13, 983
Let b(i) = -253*i - 656. What are the prime factors of b(-44)?
2, 3, 97
Suppose 25*w = 19*w + 534. Suppose -4*c + 5*c - 161 = 0. Let m = c - w. What are the prime factors of m?
2, 3
Let w be (-3)/(-6)*(-10 + 10). Suppose 12*t = -w*t + 8640. List the prime factors of t.
2, 3, 5
Let u(x) = -x**2 - 7*x - 2. Let r be u(-5). Let g be (-4)/r*2*-11. List the prime factors of g/(165/(-70))*-12.
2, 7
Let m = 249 - 244. Suppose m*w + 5176 = 5*d + 9*w, -d + 4*w + 1040 = 0. List the prime factors of d.
2, 7, 37
Let g(h) = 5*h**3 - 8*h**2 - 3*h - 39. List the prime factors of g(14).
12071
What are the prime factors of (-396451)/(-19) - (-1149)/7277?
2, 10433
Let g(k) = -794*k + 1593*k - 785*k + 4. What are the prime factors of g(4)?
2, 3, 5
Suppose 11 = -9*p + 29. Let o be (p*2)/((-2)/(-1)). Suppose 2*s = o*w - 350, -w - w - s = -344. List the prime factors of w.
173
Suppose -3*g = -0*g - k - 1, -2 = -g + 2*k. Suppose n - 388 - 34 = g. What are the prime factors of n?
2, 211
Let z(q) = -6*q**2 - 444*q - 125. List the prime factors of z(-63).
37, 109
Let m(n) = 26*n**2 - 125*n + 29. List the prime factors of m(14).
3, 5
Suppose -14253 - 84458 = -10*x + 3129. What are the prime factors of x?
2, 19, 67
Let b(k) be the second derivative of k**5/20 - k**4/4 - 3*k**3/2 - 2*k**2 - 24*k. Let c be b(5). What are the prime factors of (3/c*-59)/(-5 + 4)?
3, 59
Suppose 127*f - 1200 = 122*f. List the prime factors of (4/6)/(8/f).
2, 5
Let m(f) = f**3 - 2*f**2 + 8. Let j be m(-6). List the prime factors of (-40)/50*j/2.
2, 7
Let z = 28715 - 2040. What are the prime factors of z?
5, 11, 97
Suppose 5*x - 3*n + 11259 = 7*x, 5*x + 2*n = 28131. What are the prime factors of x?
3, 5
Suppose 5*x - 3*x = 30. List the prime factors of -1*(-116)/(-30)*-3*x.
2, 3, 29
Let h(t) = -5*t + 20. Let l(o) = 5*o**2 + 3*o + 2. Let f be l(-1). Let b be h(f). Suppose -2*r + 130 + 40 = b. List the prime factors of r.
5, 17
Let u(s) = s - 22. Let r be u(0). Let n(z) = -z**3 - 30*z + 3*z**3 + 21*z**2 - z**3 - 953 + 952. List the prime factors of n(r).
5, 7
Let t be 4686/15 - (1 - (-16)/(-10)). Suppose -2*r + 1117 + 135 = 4*c, t = c - r. What are the prime factors of c?
313
Let b(g) = -255*g + 29. Let c be b(-13). Suppose -8*y + c = -5648. List the prime factors of y.
2, 281
Suppose 41*g = -63*g + 16*g + 2191992. What are the prime factors of g?
3, 19, 23
Suppose -8*h = -6*h - 10. Suppose -2*q = 2*y - 96, -h*q + 2*y = -q - 168. List the prime factors of q.
2, 11
Let h = 154 - 152. Suppose 13*n = -h*n + 4215. List the prime factors of n.
281
Let m = 10 + -15. Let r be (43 - m)/((-2)/(-12) + 0). Let t = r + -162. What are the prime factors of t?
2, 3, 7
Let s(t) = -t**2 - 16*t + 7. Let i be s(-13). Let y = 99 - i. What are the prime factors of y?
53
Let h(s) be the third derivative of 23*s**6/720 - s**5/120 + s**4/4 + 2*s**2. Let p(j) be the second derivative of h(j). What are the prime factors of p(4)?
7, 13
Suppose -1 - 11 = -4*w. Let z = w - 18. List the prime factors of (z/(-20))/((-2)/(-240)).
2, 3, 5
Suppose -19 - 215 = -3*d. Suppose d*j = 68*j + 2290. List the prime factors of j.
229
Suppose i - 3*i + 206 = 0. Suppose 2*x + 391 = 5*j + i, x - 3*j = -144. Let f = -89 - x. What are the prime factors of f?
5, 11
What are the prime factors of 12674/1 - (36/9 - (1 - -1))?
2, 3, 11
Let v